{"id":89,"date":"2017-11-15T18:11:13","date_gmt":"2017-11-15T17:11:13","guid":{"rendered":"http:\/\/www.ramin-emden.de\/kuhstall\/cafe\/?page_id=89"},"modified":"2026-01-30T18:48:01","modified_gmt":"2026-01-30T17:48:01","slug":"unsere-locations-ideal-fuer-events-feste-und-grillpartys","status":"publish","type":"page","link":"https:\/\/www.cafe-kuhstall.de\/reisen\/?page_id=89","title":{"rendered":"Reiseb\u00fcro und mobile Reiseberatung"},"content":{"rendered":"<p><img loading=\"lazy\" decoding=\"async\" class=\"alignnone wp-image-278836 \" src=\"https:\/\/www.cafe-kuhstall.de\/reisen\/wp-content\/uploads\/2026\/01\/MSC-Kuhstall-576x1024.jpg\" alt=\"\" width=\"250\" height=\"444\" srcset=\"https:\/\/www.cafe-kuhstall.de\/reisen\/wp-content\/uploads\/2026\/01\/MSC-Kuhstall-576x1024.jpg 576w, https:\/\/www.cafe-kuhstall.de\/reisen\/wp-content\/uploads\/2026\/01\/MSC-Kuhstall-169x300.jpg 169w, https:\/\/www.cafe-kuhstall.de\/reisen\/wp-content\/uploads\/2026\/01\/MSC-Kuhstall-768x1365.jpg 768w, https:\/\/www.cafe-kuhstall.de\/reisen\/wp-content\/uploads\/2026\/01\/MSC-Kuhstall-864x1536.jpg 864w, https:\/\/www.cafe-kuhstall.de\/reisen\/wp-content\/uploads\/2026\/01\/MSC-Kuhstall.jpg 900w\" sizes=\"(max-width: 250px) 100vw, 250px\" \/><strong><br \/><\/strong><\/p>\n<div id=\"c270\" class=\"csc-default\">\n<div id=\"row1\">\n<div id=\"c56\" class=\"csc-default\">\n<div class=\"csc-header csc-header-n1\">\n<p>Willkommen bei Flecken Reisen \u2013 Ihr Experte f\u00fcr unvergessliche Reisen und Kreuzfahrten!<\/p>\n<p>Sie tr\u00e4umen von traumhaften Str\u00e4nden, aufregenden Metropolen oder atemberaubenden Kreuzfahrten? Dann sind Sie bei uns genau richtig! Wir bieten Ihnen nicht nur eine vielf\u00e4ltige Auswahl an Pauschalreisen, Individualreisen und Kreuzfahrten, sondern auch eine pers\u00f6nliche Beratung, die ganz auf Ihre W\u00fcnsche abgestimmt ist.<\/p>\n<p>Besuchen Sie uns im gem\u00fctlichen Caf\u00e9 Kuhstall, wo Sie in entspannter Atmosph\u00e4re bei einer Tasse Kaffee Ihre n\u00e4chste Traumreise planen k\u00f6nnen. Jetzt neu: nutzen Sie unsere mobile Reiseberatung \u2013 wir kommen zu Ihnen und beraten Sie bequem bei Ihnen zu Hause oder an einem Ort Ihrer Wahl.<\/p>\n<p>Egal, wohin die Reise gehen soll: Wir sind f\u00fcr Sie da \u2013 pers\u00f6nlich, individuell und mit Leidenschaft!<\/p>\n<p>Kontaktieren Sie uns und lassen Sie sich inspirieren!<\/p>\n<\/div>\n<\/div>\n<\/div>\n<\/div>\n\n\n<div class=\"wp-block-buttons is-layout-flex wp-block-buttons-is-layout-flex\">\n<div class=\"wp-block-button has-custom-width wp-block-button__width-75\"><a class=\"wp-block-button__link wp-element-button\" href=\"https:\/\/www.Flecken-Reisen.de\" target=\"_blank\" rel=\"noreferrer noopener\"><strong>Buchungsportal<\/strong><\/a><\/div>\n<\/div>\n\n\n\n<figure class=\"wp-block-image size-large\"><img loading=\"lazy\" decoding=\"async\" width=\"1024\" height=\"522\" src=\"https:\/\/www.cafe-kuhstall.de\/reisen\/wp-content\/uploads\/2026\/01\/MSC-Flecken-Reisen.de_-1024x522.jpg\" alt=\"\" class=\"wp-image-278840\" srcset=\"https:\/\/www.cafe-kuhstall.de\/reisen\/wp-content\/uploads\/2026\/01\/MSC-Flecken-Reisen.de_-1024x522.jpg 1024w, https:\/\/www.cafe-kuhstall.de\/reisen\/wp-content\/uploads\/2026\/01\/MSC-Flecken-Reisen.de_-300x153.jpg 300w, https:\/\/www.cafe-kuhstall.de\/reisen\/wp-content\/uploads\/2026\/01\/MSC-Flecken-Reisen.de_-768x391.jpg 768w, https:\/\/www.cafe-kuhstall.de\/reisen\/wp-content\/uploads\/2026\/01\/MSC-Flecken-Reisen.de_-1536x782.jpg 1536w, https:\/\/www.cafe-kuhstall.de\/reisen\/wp-content\/uploads\/2026\/01\/MSC-Flecken-Reisen.de_.jpg 1600w\" sizes=\"(max-width: 1024px) 100vw, 1024px\" \/><\/figure>\n","protected":false},"excerpt":{"rendered":"<p>Willkommen bei Flecken Reisen \u2013 Ihr Experte f\u00fcr unvergessliche Reisen und Kreuzfahrten! Sie tr\u00e4umen von traumhaften Str\u00e4nden, aufregenden Metropolen oder atemberaubenden Kreuzfahrten? Dann sind Sie bei uns genau richtig! Wir bieten Ihnen nicht nur eine vielf\u00e4ltige Auswahl an Pauschalreisen, Individualreisen und Kreuzfahrten, sondern auch eine pers\u00f6nliche Beratung, die ganz auf Ihre W\u00fcnsche abgestimmt ist. Besuchen Sie uns im gem\u00fctlichen Caf\u00e9 Kuhstall, wo Sie in entspannter Atmosph\u00e4re bei einer Tasse Kaffee Ihre n\u00e4chste Traumreise planen k\u00f6nnen. Jetzt neu: nutzen Sie unsere mobile Reiseberatung \u2013 wir kommen zu Ihnen und beraten Sie bequem bei Ihnen zu Hause oder an einem Ort Ihrer&#8230; <\/p>\n","protected":false},"author":1,"featured_media":0,"parent":0,"menu_order":0,"comment_status":"closed","ping_status":"closed","template":"full-width.php","meta":{"footnotes":""},"class_list":["post-89","page","type-page","status-publish","hentry"],"_links":{"self":[{"href":"https:\/\/www.cafe-kuhstall.de\/reisen\/index.php?rest_route=\/wp\/v2\/pages\/89"}],"collection":[{"href":"https:\/\/www.cafe-kuhstall.de\/reisen\/index.php?rest_route=\/wp\/v2\/pages"}],"about":[{"href":"https:\/\/www.cafe-kuhstall.de\/reisen\/index.php?rest_route=\/wp\/v2\/types\/page"}],"author":[{"embeddable":true,"href":"https:\/\/www.cafe-kuhstall.de\/reisen\/index.php?rest_route=\/wp\/v2\/users\/1"}],"replies":[{"embeddable":true,"href":"https:\/\/www.cafe-kuhstall.de\/reisen\/index.php?rest_route=%2Fwp%2Fv2%2Fcomments&post=89"}],"version-history":[{"count":92,"href":"https:\/\/www.cafe-kuhstall.de\/reisen\/index.php?rest_route=\/wp\/v2\/pages\/89\/revisions"}],"predecessor-version":[{"id":278845,"href":"https:\/\/www.cafe-kuhstall.de\/reisen\/index.php?rest_route=\/wp\/v2\/pages\/89\/revisions\/278845"}],"wp:attachment":[{"href":"https:\/\/www.cafe-kuhstall.de\/reisen\/index.php?rest_route=%2Fwp%2Fv2%2Fmedia&parent=89"}],"curies":[{"name":"wp","href":"https:\/\/api.w.org\/{rel}","templated":true}]}}